s 6 divide 107732?
False
Does 7 divide 1371811?
True
Does 55 divide 305990?
False
Is 665 a factor of 744800?
True
Is 5 a factor of 196897?
False
Is 28 a factor of 1898698?
False
Is 223 a factor of 601629?
False
Is 371866 a multiple of 7?
False
Is 41 a factor of 1699368?
True
Is 528 a factor of 3767558?
False
Is 92 a factor of 897286?
False
Does 35 divide 105091?
False
Does 51 divide 3715415?
False
Is 527798 a multiple of 450?
False
Is 19588981 a multiple of 554?
False
Is 672842 a multiple of 23?
True
Does 41 divide 1412800?
False
Is 17 a factor of 3989?
False
Is 61 a factor of 11368570?
True
Is 75 a factor of 406275?
True
Is 68904 a multiple of 107?
False
Is 618 a factor of 6427200?
True
Does 26 divide 272116?
True
Is 3 a factor of 1162059?
True
Is 1044 a factor of 3680100?
True
Is 302588 a multiple of 4?
True
Is 7 a factor of 6565575?
False
Does 261 divide 1920050?
False
Is 123885 a multiple of 4?
False
Is 355 a factor of 10075275?
False
Does 65 divide 40344?
False
Is 2795751 a multiple of 660?
False
Does 951 divide 236799?
True
Is 99703 a multiple of 368?
False
Does 901 divide 4642853?
True
Is 201 a factor of 699290?
False
Does 23 divide 1259939?
False
Does 17 divide 973692?
True
Does 133 divide 107385?
False
Is 29 a factor of 294553?
True
Is 2624666 a multiple of 106?
True
Is 233432 a multiple of 51?
False
Does 6 divide 3152176?
False
Is 143 a factor of 666523?
True
Is 49 a factor of 5919739?
True
Is 43 a factor of 956405?
False
Is 9 a factor of 103132?
False
Is 245 a factor of 252595?
True
Is 101 a factor of 683871?
True
Is 161 a factor of 134640?
False
Is 430790 a multiple of 230?
True
Is 229810 a multiple of 337?
False
Does 10 divide 58140?
True
Is 337770 a multiple of 303?
False
Is 501375 a multiple of 133?
False
Is 164804 a multiple of 9?
False
Does 11 divide 1601123?
False
Does 20 divide 2364560?
True
Does 273 divide 148953?
False
Does 8 divide 1174000?
True
Does 75 divide 10546725?
True
Is 3904929 a multiple of 21?
True
Is 30 a factor of 26357?
False
Is 119 a factor of 168407?
False
Is 55 a factor of 21780?
True
Is 7 a factor of 3785441?
False
Is 4 a factor of 66414?
False
Is 6473260 a multiple of 964?
True
Is 819378 a multiple of 126?
True
Does 11 divide 38621?
True
Is 56 a factor of 254352?
True
Is 29960 a multiple of 8?
True
Does 2 divide 2010?
True
Is 1189109 a multiple of 10?
False
Does 124 divide 127033?
False
Is 4751777 a multiple of 9?
False
Is 114490 a multiple of 10?
True
Does 291 divide 358512?
True
Is 515673 a multiple of 27?
True
Does 25 divide 5195625?
True
Is 151 a factor of 342015?
True
Is 34944 a multiple of 42?
True
Does 14 divide 185136?
True
Is 10357447 a multiple of 7?
False
Is 24855 a multiple of 5?
True
Does 33 divide 177210?
True
Is 86720 a multiple of 5?
True
Does 7 divide 42472?
False
Is 3996000 a multiple of 864?
True
Is 14840246 a multiple of 29?
False
Does 7 divide 1878010?
False
Is 33 a factor of 185625?
True
Does 165 divide 72015?
False
Does 6 divide 258264?
True
Is 139 a factor of 4142895?
True
Does 5 divide 3875933?
False
Is 1615628 a multiple of 146?
False
Is 4199391 a multiple of 17?
True
Is 545082 a multiple of 133?
False
Does 6 divide 16422?
True
Is 11537 a multiple of 57?
False
Is 5616585 a multiple of 65?
True
Does 648 divide 5884980?
False
Is 291798 a multiple of 117?
True
Is 191453 a multiple of 301?
False
Does 30 divide 175110?
True
Is 1309844 a multiple of 160?
False
Is 14 a factor of 74564?
True
Does 4 divide 766899?
False
Is 112863 a multiple of 18?
False
Is 4120776 a multiple of 484?
True
Is 29 a factor of 597081?
True
Is 289739 a multiple of 5?
False
Is 23238 a multiple of 8?
False
Is 39728 a multiple of 26?
True
Does 151 divide 135065?
False
Is 1328910 a multiple of 10?
True
Is 8241493 a multiple of 13?
True
Is 22 a factor of 209349?
False
Is 2196448 a multiple of 32?
True
Is 214 a factor of 6234068?
False
Is 6 a factor of 104014?
False
Is 20 a factor of 100500?
True
Is 304460 a multiple of 13?
True
Does 8 divide 40269?
False
Does 121 divide 156453?
True
Does 11 divide 709907?
True
Is 58860 a multiple of 109?
True
Is 628175 a multiple of 25?
True
Does 19 divide 41618?
False
Is 35 a factor of 4143345?
False
Is 9 a factor of 493916?
False
Is 38 a factor of 13076370?
True
Is 220 a factor of 3532760?
True
Does 6 divide 30120?
True
Is 11 a factor of 160512?
True
Does 10 divide 152621?
False
Is 409 a factor of 5885919?
True
Does 942 divide 3338448?
True
Does 83 divide 25481?
True
Is 3280293 a multiple of 171?
True
Is 2650240 a multiple of 9?
False
Does 2 divide 21437?
False
Is 11 a factor of 1278013?
True
Is 613 a factor of 280754?
True
Is 740 a factor of 271549?
False
Does 46 divide 122498?
True
Is 271 a factor of 552569?
True
Is 11 a factor of 3320498?
False
Does 18 divide 457001?
False
Does 17 divide 674871?
False
Does 5 divide 93958?
False
Is 1623455 a multiple of 5?
True
Is 18 a factor of 225054?
True
Is 9 a factor of 32269?
False
Is 89792 a multiple of 916?
False
Is 97461 a multiple of 49?
True
Is 12 a factor of 85584?
True
Is 2 a factor of 92421?
False
Is 157 a factor of 527834?
True
Does 23 divide 3511203?
True
Does 8 divide 5453535?
False
Is 4681818 a multiple of 261?
True
Is 529152 a multiple of 39?
True
Is 27476652 a multiple of 28?
True
Does 34 divide 170065?
False
Is 184982 a multiple of 181?
True
Does 10 divide 2214972?
False
Does 1137 divide 19163622?
False
Is 1310228 a multiple of 1099?
False
Is 92 a factor of 1469792?
True
Is 80 a factor of 1722640?
True
Is 93788 a multiple of 5?
False
Is 15 a factor of 1292385?
True
Is 3481946 a multiple of 678?
False
Is 11067012 a multiple of 12?
True
Does 4 divide 146524?
True
Is 11 a factor of 24291?
False
Is 2422858 a multiple of 39?
False
Does 170 divide 1546444?
False
Is 59 a factor of 1592897?
False
Does 268 divide 46474?
False
Is 3618628 a multiple of 3?
False
Is 4144 a multiple of 74?
True
Does 917 divide 1614837?
True
Is 169 a factor of 48232?
False
Is 608065 a multiple of 31?
True
Does 48 divide 4019698?
False
Is 72 a factor of 2623450?
False
Is 1185185 a multiple of 774?
False
Is 75939 a multiple of 17?
True
Does 4 divide 3316?
True
Is 6980970 a multiple of 15?
True
Is 129870 a multiple of 195?
True
Is 14640010 a multiple of 37?
False
Is 17 a factor of 126939?
True
Does 161 divide 545629?
True
Is 952118 a multiple of 167?
False
Does 109 divide 19714939?
True
Is 2203461 a multiple of 619?
False
Is 8 a factor of 189869?
False
Is 12 a factor of 382886?
False
Does 14 divide 29988?
True
Does 172 divide 4304818?
False
Is 15877 a multiple of 60?
False
Is 3171879 a multiple of 1299?
False
Does 40 divide 352593?
False
Is 4874995 a multiple of 631?
False
Is 10 a factor of 41469?
False
Is 193 a factor of 4773390?
False
Is 483 a factor of 11303419?
False
Does 32 divide 162496?
True
Is 253575 a multiple of 25?
True
Is 227213 a multiple of 49?
True
Does 13 divide 870740?
True
Is 89 a factor of 442673?
False
Is 1207 a factor of 1966393?
False
Does 414 divide 1401804?
True
Is 131934 a multiple of 33?
True
Is 3038752 a multiple of 15?
False
Is 10 a factor of 427983?
False
Is 1601260 a multiple of 92?
True
Is 168 a factor of 4721640?
True
Does 1090 divide 2781074?
False
Does 92 divide 3503820?
True
Does 325 divide 27950?
True
Does 19 divide 2884865?
True
Is 206 a factor of 73122?
False
Is 3981379 a multiple of 620?
False
Does 10 divide 2883849?
False
Is 218612 a multiple of 19?
False
Is 185018 a multiple of 5?
False
Is 4072012 a multiple of 610?
False
Is 31 a factor of 480996?
True
Is 18 a factor of 545306?
False
Is 146 a factor of 197684?
True
Is 1909622 a multiple of 22?
True
Is 12 a factor of 552732?
True
Is 168891 a multiple of 4?
False
Is 6030156 a multiple of 363?
True
Is 670 a factor of 11072087?
False
Is 381243 a multiple of 22?
False
Does 233 divide 72162?
False
Does 14 divide 191492?
True
Is 5012210 a multiple of 265?
True
Is 31 a factor of 2189127?
True
Is 86 a factor of 356521?
False
Is 42 a factor of 935382?
True
Does 91 divide 10614503?
False
Does 155 divide 122738?
False
Is 643 a factor of 36606?
False
Is 23653212 a multiple of 174?
True
Does 38 divide 854417?
False
Is 600271 a multiple of 17?
False
Is 600003 a multiple of 13?
False
Does 121 divide 876472?
False
Is 2358862 a multiple of 2?
True
Is 37672 a multiple of 40?
False
